{"id":71,"date":"2020-01-25T13:00:01","date_gmt":"2020-01-25T12:00:01","guid":{"rendered":"http:\/\/www.historiker.online\/?page_id=71"},"modified":"2026-04-27T15:04:59","modified_gmt":"2026-04-27T13:04:59","slug":"hintergrund","status":"publish","type":"page","link":"https:\/\/www.historiker.online\/?page_id=71","title":{"rendered":"Hintergrund und Projekte"},"content":{"rendered":"\n<div class=\"wp-block-columns is-layout-flex wp-container-core-columns-is-layout-28f84493 wp-block-columns-is-layout-flex\">\n<div class=\"wp-block-column is-layout-flow wp-block-column-is-layout-flow\" style=\"flex-basis:100%\">\n<div class=\"wp-block-group is-layout-flow wp-block-group-is-layout-flow\">\n<div class=\"wp-block-group has-white-background-color has-background is-layout-flow wp-block-group-is-layout-flow\">\n<p><img fetchpriority=\"high\" decoding=\"async\" width=\"297\" height=\"200\" class=\"wp-image-77\" style=\"width: 297px;\" src=\"https:\/\/www.historiker.online\/wp-content\/uploads\/2020\/01\/CroppedImage297200-michael.jpg\" alt=\"\"><br><br>Studium der Geschichte und Germanistik an der Universit\u00e4t Bern<br>Master of Arts in history, Abschluss insigni cum laude<br>Masterarbeit: Die Behandlung der Osmanischen Frage im Alldeutschen Verband 1912 bis 1914. <br>Seit 2018 T\u00e4tigkeit als freischaffender Historiker<\/p>\n\n\n\n<p>Weiterbildungen:<br>2024: Grundkurs Verein Schweizerischer Archivar:innen, VSA<br>2023: Wissenschaftliche Kommunikation auf Social Media, Universit\u00e4t Basel<\/p>\n\n\n\n<p>Aktuelle Publikationen und Projekte (Stand Mai 2026):<\/p>\n\n\n\n<ul class=\"wp-block-list\">\n<li><em>Von Junkern, Zinngiessern und S\u00e4ngerinnen: 600 Jahre Familie Wirz von Uerikon <\/em>Erschliessung eines umfangreichen Familienarchivs, Publikation einer Familienchronik <\/li>\n\n\n\n<li>Unique Hotel de la Poste Zermatt, Erforschen der Hotelgeschichte, Befragung von Zeitzeugen, 2025-2026<\/li>\n\n\n\n<li>Vintage Hotel Carlton-Europe Interlaken, Erforschen der Hotelgeschichte, Befragung von Zeitzeugen, <\/li>\n\n\n\n<li>100 Jahre Sterchi Beck: Zusammenstellen einer Firmen- und Jubil\u00e4umsgeschichte, 2025-2026<\/li>\n\n\n\n<li>Familie B\u00fcsser-Keel: Unternehmerische Ausschnitte einer Familiengeschichte von 1900 bis heute<\/li>\n\n\n\n<li><\/li>\n<\/ul>\n\n\n\n<p>Erschienene Publikationen:<\/p>\n\n\n\n<ul class=\"wp-block-list\">\n<li>Unter Nachbarn, unter Hoteliers. Die doppelte Geschichte des Hotels Carlton-Europe in Interlaken, Thun 2026.<\/li>\n\n\n\n<li>Leben und arbeiten rund um Holz. 100 Jahre OLWO, Wabern 2026 &#8211; zusammen mit Bertrand Knobel. <\/li>\n\n\n\n<li><a href=\"https:\/\/www.adelboden-hotel-blog.ch\/de\/post\/42\/Der-Bellevue-Pionier\/\">https:\/\/www.adelboden-hotel-blog.ch\/de\/post\/42\/Der-Bellevue-Pionier\/<\/a> (2026)<\/li>\n\n\n\n<li>Hotel Krebs, 150 Jahre Hotelgeschichte mit Blick auf die Jungfrau, Interlaken 2025.<\/li>\n\n\n\n<li><em>\u00abDownhill only: The result of a change of attitude and technical achievements?\u00bb<\/em>, In: Christophersen, Ingrid and Bollen, Brian, The Downhill Only Club. A History, 2025.<\/li>\n\n\n\n<li><em>Kandersteg reist in einer Zeitmaschine<\/em>, Gespr\u00e4ch mit Karl Johannes Rechsteiner \u00fcber Reisen in der Belle Epoque, In: ensuite. Zeitschrift zur Kultur &amp; Kunst, Nr. 253, Januar 2024.<\/li>\n\n\n\n<li><em>50 Jahre ESTA &#8211; Ein R\u00fcckblick und ein Ausblick<\/em>, In: ESTA Schweiz (Hg.), ESTA Info. Forum der europ\u00e4ischen Vereinigung der Streicherlehrkr\u00e4fte, Nummer 2, 2023.<\/li>\n\n\n\n<li>Die Musik als verbindende Kraft. 50 Jahre Schweizer Sektion der European String Teachers Association 1973-2023,  Bern M\u00fcller &amp; Schade 2023.<\/li>\n\n\n\n<li>Lauener von Lauterbrunnen. Einblicke in ein Berner Oberl\u00e4nder Geschlecht, dritte und erg\u00e4nzte Auflage, Bern 2023.<\/li>\n\n\n\n<li><em>Das Hotel Hirschen: Der Tourismus in Interlaken um 1900<\/em><br>Mehrteilige Serie zum ehemaligen Hotel in der Jungfrau Zeitung (Herbst 2023)<\/li>\n\n\n\n<li>Das Hotel Regina M\u00fcrren: soziokulturelle Geschichte des Hotels Regina im Schweizer Skiort M\u00fcrren, M\u00fcrren 2020.<\/li>\n<\/ul>\n\n\n\n<p><\/p>\n\n\n\n<p>Weitere bisherige Projekte und Privatpublikationen:<\/p>\n\n\n\n<ul class=\"wp-block-list\">\n<li><em>The Lauener Brothers: Einblicke in eine Lauterbrunner Bergf\u00fchrerdynastie<\/em>, Vortrag im Hotel Regina M\u00fcrren, 2024<\/li>\n\n\n\n<li>Jakob Lauener, Ein Lauterbrunner Bergf\u00fchrer und sein F\u00fchrerbuch<\/li>\n\n\n\n<li><em>Zeitzeugen der OLWO<\/em>: Oral History Projekt  (2023-2024)<\/li>\n\n\n\n<li>Hotel Grace La Margna, St. Moritz. Erschliessung der Hotelgeschichte (2022)<\/li>\n<\/ul>\n\n\n\n<p>Archiv:<\/p>\n\n\n\n<p>Pfadfinder Abteilung Patria Bern: Instandhaltung und Erschliessung des Vereinsarchivs<\/p>\n\n\n\n<p>Mitgliedschaften: <\/p>\n\n\n\n<ul class=\"wp-block-list\">\n<li>Schweizerische Historiker Gesellschaft<a rel=\"noreferrer noopener\" href=\"http:\/\/www.sgg-ssh.ch\" target=\"_blank\"> www.sgg-ssh.ch<\/a><\/li>\n\n\n\n<li>Historischer Verein Kanton Bern <a rel=\"noreferrer noopener\" href=\"https:\/\/www.hvbe.ch\" target=\"_blank\">https:\/\/www.hvbe.ch<\/a><\/li>\n\n\n\n<li>Club Grand Hotel Palace <a href=\"https:\/\/www.clubgrandhotelpalace.ch\/\">https:\/\/www.clubgrandhotelpalace.ch\/<\/a><\/li>\n<\/ul>\n\n\n\n<p>Sprachen:<\/p>\n\n\n\n<ul class=\"wp-block-list\">\n<li>Deutsch<\/li>\n\n\n\n<li>Franz\u00f6sisch<\/li>\n\n\n\n<li>Englisch<\/li>\n\n\n\n<li>Latein Grundkenntnisse<\/li>\n<\/ul>\n\n\n\n<p><\/p>\n<\/div>\n<\/div>\n<\/div>\n<\/div>\n","protected":false},"excerpt":{"rendered":"<p>Studium der Geschichte und Germanistik an der Universit\u00e4t BernMaster of Arts in history, Abschluss insigni cum laudeMasterarbeit: Die Behandlung der Osmanischen Frage [&hellip;]<\/p>\n","protected":false},"author":3,"featured_media":0,"parent":0,"menu_order":0,"comment_status":"closed","ping_status":"closed","template":"","meta":{"footnotes":""},"class_list":["post-71","page","type-page","status-publish","hentry"],"_links":{"self":[{"href":"https:\/\/www.historiker.online\/index.php?rest_route=\/wp\/v2\/pages\/71","targetHints":{"allow":["GET"]}}],"collection":[{"href":"https:\/\/www.historiker.online\/index.php?rest_route=\/wp\/v2\/pages"}],"about":[{"href":"https:\/\/www.historiker.online\/index.php?rest_route=\/wp\/v2\/types\/page"}],"author":[{"embeddable":true,"href":"https:\/\/www.historiker.online\/index.php?rest_route=\/wp\/v2\/users\/3"}],"replies":[{"embeddable":true,"href":"https:\/\/www.historiker.online\/index.php?rest_route=%2Fwp%2Fv2%2Fcomments&post=71"}],"version-history":[{"count":65,"href":"https:\/\/www.historiker.online\/index.php?rest_route=\/wp\/v2\/pages\/71\/revisions"}],"predecessor-version":[{"id":611,"href":"https:\/\/www.historiker.online\/index.php?rest_route=\/wp\/v2\/pages\/71\/revisions\/611"}],"wp:attachment":[{"href":"https:\/\/www.historiker.online\/index.php?rest_route=%2Fwp%2Fv2%2Fmedia&parent=71"}],"curies":[{"name":"wp","href":"https:\/\/api.w.org\/{rel}","templated":true}]}}