{"id":390,"date":"2021-06-09T17:39:10","date_gmt":"2021-06-09T15:39:10","guid":{"rendered":"https:\/\/www.historiker.online\/?page_id=390"},"modified":"2025-08-20T16:02:04","modified_gmt":"2025-08-20T14:02:04","slug":"presse","status":"publish","type":"page","link":"https:\/\/www.historiker.online\/?page_id=390","title":{"rendered":"Presse und Referenzen"},"content":{"rendered":"\n<div class=\"wp-block-group has-white-background-color has-background is-layout-flow wp-block-group-is-layout-flow\">\n<p><strong>Presse  und Referenzen<\/strong><br><\/p>\n\n\n\n<p><strong>Testimonial Andreas Koschak, ehemalige Besitzerfamilie Hotel Krebs Interlaken<\/strong>:<\/p>\n\n\n\n<p><em>\u201eDie Hotelgeschichte unseres ehemaligen Familienbetriebs wurde von Michael Frei mit einer seltenen Mischung aus historischer Genauigkeit und erz\u00e4hlerischem Geschick dargestellt. Was mich besonders beeindruckt hat: Er hat nicht ein Hochglanz-Jubil\u00e4umsbuch geschrieben, sondern ein Werk, das die Geschichte ehrlich, differenziert und nah an der Realit\u00e4t erz\u00e4hlt. Gerade dadurch wirkt es echt, glaubw\u00fcrdig und lebendig. F\u00fcr mich als Teil der ehemaligen Besitzerfamilie war es bewegend, unsere eigene Geschichte so respektvoll und zugleich ungesch\u00f6nt wiederzufinden.\u201c<\/em><\/p>\n\n\n\n<p><br><strong>Kundenfeedback  Stephan JJ. Maeder, Hotelier im Carlton-Europe Vintage Hotel Interlaken \u2013 seit 1898:<\/strong><\/p>\n\n\n\n<p><em>&#8222;\u00dcber 120 <\/em>Ja<em>hre Hotelgeschichte verpflichten. Damit die Geschichte weitergeht, ist es sehr interessant, die Wurzeln zu kennen. Dank Michael Frei kam viel Licht ins Dunkle, vieles kann nachvollzogen werden und all die Jahre seit 1898 bekamen Leben und Inhalt. Vielen Dank f\u00fcr die super Arbeit \u2013 jederzeit gerne wieder!&#8220;<\/em><\/p>\n\n\n\n<p><\/p>\n\n\n\n<p><strong>Rezension von Holger Best, Chefredaktor ESTA Nachrichten zur Jubil\u00e4umsschrift der ESTA Schweiz:<\/strong><\/p>\n\n\n\n<p><em>&#8222;Eine Grosstat muss aber jetzt dringend noch gew\u00fcrdigt werden: Der Historiker Michel Frei wurde beauftragt, die Geschichte der Schweizer ESTA zu recherchieren \u2013 keine leichte Aufgabe, wie er in seiner Pr\u00e4sentation am Vormittag erz\u00e4hlte. (&#8230;).  Wer das Heft durchbl\u00e4ttert, liest und die vielen Bilder und Faksimiles zur Kenntnis nimmt, kann nur staunen und ahnen, welche akribische Archiv- und Dokumentationsarbeit sich dahinter verbirgt! Es ist eine \u00fcber die Schweiz ausstrahlende Arbeit, die hier initiiert und geleistet worden ist \u2013 dem aktuellen Vorstand der ESTA Suisse sei allergr\u00f6sster Dank abgestattet!&#8220;<\/em><\/p>\n\n\n\n<p><strong>Kundenfeedback Heinrich L. Wirz, Bern, Projekt im Bereich Familienforschung:<\/strong><\/p>\n\n\n\n<p>&#8222;<em>Michael Frei hat sachverst\u00e4ndig und einf\u00fchlsam die bewegte und bewegende Geschichte meiner Vorfahren m\u00fctterlicherseits &#8211; Lauener von Lauterbrunnen &#8211; erforscht, aufgeschrieben und illustriert: Bergf\u00fchrer, Gastwirte, Hoteliers sowie Auswanderer nach den USA.&#8220;<\/em><\/p>\n\n\n\n<p><\/p>\n\n\n\n<p><strong>Berichterstattung \u00fcber das Regina Buch im Thuner Tagblatt, dem Berner Oberl\u00e4nder und der Berner Zeitung.<\/strong><\/p>\n\n\n\n<figure class=\"wp-block-gallery-1 is-layout-flex wp-block-gallery-is-layout-flex\">\n\n<figure><img decoding=\"async\" data-id=\"393\" src=\"https:\/\/www.historiker.online\/wp-content\/uploads\/2021\/06\/Collage_20210419_123532-768x1024.jpg\" alt=\"\"\/><\/figure>\n\n<\/figure>\n<\/div>\n\n\n\n<p><\/p>\n","protected":false},"excerpt":{"rendered":"<p>Presse und Referenzen Testimonial Andreas Koschak, ehemalige Besitzerfamilie Hotel Krebs Interlaken: \u201eDie Hotelgeschichte unseres ehemaligen Familienbetriebs wurde von Michael Frei mit einer [&hellip;]<\/p>\n","protected":false},"author":3,"featured_media":0,"parent":0,"menu_order":0,"comment_status":"closed","ping_status":"closed","template":"","meta":{"footnotes":""},"class_list":["post-390","page","type-page","status-publish","hentry"],"_links":{"self":[{"href":"https:\/\/www.historiker.online\/index.php?rest_route=\/wp\/v2\/pages\/390","targetHints":{"allow":["GET"]}}],"collection":[{"href":"https:\/\/www.historiker.online\/index.php?rest_route=\/wp\/v2\/pages"}],"about":[{"href":"https:\/\/www.historiker.online\/index.php?rest_route=\/wp\/v2\/types\/page"}],"author":[{"embeddable":true,"href":"https:\/\/www.historiker.online\/index.php?rest_route=\/wp\/v2\/users\/3"}],"replies":[{"embeddable":true,"href":"https:\/\/www.historiker.online\/index.php?rest_route=%2Fwp%2Fv2%2Fcomments&post=390"}],"version-history":[{"count":15,"href":"https:\/\/www.historiker.online\/index.php?rest_route=\/wp\/v2\/pages\/390\/revisions"}],"predecessor-version":[{"id":599,"href":"https:\/\/www.historiker.online\/index.php?rest_route=\/wp\/v2\/pages\/390\/revisions\/599"}],"wp:attachment":[{"href":"https:\/\/www.historiker.online\/index.php?rest_route=%2Fwp%2Fv2%2Fmedia&parent=390"}],"curies":[{"name":"wp","href":"https:\/\/api.w.org\/{rel}","templated":true}]}}